he first derivative of -1/2*t**2 - 2 - 1/4*t**4 - 5/3*t**3 + t. Let m be 1*5*(-44)/55. What is d(m)?
-11
Let j(r) = 2*r + 4. Let p(u) = 5*u + 11. Let q(w) = -8*j(w) + 3*p(w). Let z = -1 + 3. Determine q(z).
-1
Let q(v) = 16*v - 1 - 6*v - 1 + 3. What is q(1)?
11
Let r = 7 - 6. Let d = r - -1. Let g(h) = h**2 - 2*h + 2. Calculate g(d).
2
Let r = 103 - 105. Let o(k) be the second derivative of k**4/4 - k**2 - k. What is o(r)?
10
Suppose -2*c = 2*c + c. Let t(g) = -5*g - 8. Let s(z) = -9*z - 15. Suppose -3*y - 8 = 25. Let h(k) = y*t(k) + 6*s(k). What is h(c)?
-2
Let r(a) = -a**2 + 12*a + 11. Let o(p) = 3*p - 11. Let l be o(8). Let x be r(l). Let h(z) = -4*z - 2. Determine h(x).
6
Let t(j) = -5*j - 23. Let r(s) = -3*s - 12. Let b(o) = 7*r(o) - 4*t(o). Give b(6).
2
Suppose d - 4*n - 14 - 5 = 0, 0 = -2*d - n + 11. Let o be 2/4 + d/2. Let g(a) = -7*a + 2*a + 0*a**3 + 8*a - 5*a**2 + a**3 + 4. Give g(o).
0
Let u be 74/(-10) + 87/(-145). Let r(j) = -j**3 - 7*j**2 + 7*j - 2. Give r(u).
6
Suppose -q + 1 = -n + 5, q + 4 = 2*n. Let m(y) = y - 6. Calculate m(n).
-6
Let l(m) be the third derivative of 5*m**4/24 - m**3/2 + 2*m**2. Suppose -6*u - 45 = -11*u. Let g(p) = 11*p - 7. Let d(h) = u*l(h) - 4*g(h). Determine d(-3).
-2
Let k(f) = f**2 - 2*f. Suppose -y - 2*c = -3 - 5, -1 = -5*y + 3*c. Let p(l) = 4*l + 0*l**y + 0 + 1 - 3*l**2. Let d(a) = -5*k(a) - 2*p(a). Determine d(-4).
6
Let r(t) = t. Let g(b) = 4*b - 1. Let q(s) = g(s) - 2*r(s). Let l be (-65)/(-52) - (-3)/4. Give q(l).
3
Suppose 5*f + 11 = -4. Let d(l) = -l**3 - 3*l**2 + 4*l - 1. Determine d(f).
-13
Let f(a) = 4*a + 1. Let l(r) = r - 3. Let n be l(10). Let y = -8 + n. Calculate f(y).
-3
Let h(q) = -1 - 9*q**2 + 2*q**3 + 8*q**2 - 3*q**3 + q. Determine h(-2).
1
Let v(i) = 2*i - 2*i**2 + 0*i**2 + 3 + 3*i**3 - 2*i**3 - 7. Give v(3).
11
Let k(z) = -z + 10. Let n be k(7). Suppose 0 = b - 3*b + 6. Let o(p) = -4 - p**2 - b*p + 3*p**3 + 2 - 2*p**3. What is o(n)?
7
Let z = 35 + -38. Let b(y) = -y**3 - 5*y**2 + 2*y + 1. Determine b(z).
-23
Let l(a) be the first derivative of -a**3/3 + a**2 + 4*a + 14. Give l(6).
-20
Let g = 2 - 6. Let u(r) = 2*r + 1. Determine u(g).
-7
Let u(p) be the third derivative of p**5/60 - p**4/3 + 3*p**3/2 - 16*p**2. Give u(7).
2
Let y(x) be the second derivative of -x**6/360 - x**4/4 - 5*x. Let q(p) be the third derivative of y(p). What is q(-2)?
4
Let k(b) be the third derivative of b**7/840 + b**6/90 - b**4/12 + 2*b**3/3 - 3*b**2. Let m(v) be the first derivative of k(v). Determine m(-3).
7
Let w(v) = v + 5. Let m(k) = k - 5. Let b be m(8). Let d be (1 + -1)*b/(-6). Suppose d = -0*p - 3*p. Give w(p).
5
Let v(l) be the first derivative of -l**2/2 + 5*l - 2. Determine v(0).
5
Let y(d) be the first derivative of d**5/20 - 5*d**4/12 + 2*d**3/3 + 5*d**2/2 - d - 1. Let q(o) be the first derivative of y(o). Let t = 0 + 4. What is q(t)?
5
Let d(n) = 2*n. Let x(r) = -r - 1. Let i(a) = -d(a) + x(a). Suppose 4*w = -2*f + 2*w - 6, 4*w + 4 = 0. Calculate i(f).
5
Let b(f) = -f**3 + 10*f**2 - 9*f - 4. Let a be b(9). Let t(r) be the second derivative of -r**3/6 - r**2/2 + 4*r. What is t(a)?
3
Let t = -58 - -56. Let c(j) = -2*j**2 - 1. What is c(t)?
-9
Let a = 6 - -9. Let v be (-2)/3 + 40/a. Let w(u) = 7*u - 2. Let m(o) = 6*o - 2. Let p(c) = -5*m(c) + 4*w(c). Give p(v).
-2
Let w(k) = 2 - k - k + 0*k**3 + k**3 - 12*k**2 + 13*k**2. Calculate w(-3).
-10
Let h = -8 + 5. Let w(a) = 2*a**2 - 2*a**3 + 2*a**3 + a**3 + 1. What is w(h)?
-8
Let b(q) = -5*q**3 + 8*q**2 - 2*q - 2. Let a(p) = p**3 - p**2 + p. Let o(s) = 4*a(s) + b(s). What is o(2)?
10
Let t(j) = 2*j + 2. Let l(m) = -2*m + 2. Let x be l(4). Let n be -1*3*(-4)/x. What is t(n)?
-2
Suppose 4 - 2 = 2*o. Let i(y) = 2*y**2 + 0*y**2 - 4*y**3 - 11 + 8 + 2. Give i(o).
-3
Let h(w) = w - 2*w - w**2 + 4*w. Let s = -7 - -7. Suppose 2*n - 6 = -s*n. Calculate h(n).
0
Let n(t) = -8*t + 3. Let o be n(-1). Let p = 16 - o. Let y(h) = -2*h + 1. Give y(p).
-9
Let u be ((-81)/18)/((-3)/(-4)). Let j(n) = n**2 + 7*n + 1. Determine j(u).
-5
Let j(x) = -x**2 - 4*x - 7. Let b be (-1)/(1 + (-4)/5). Give j(b).
-12
Let y be ((-3)/(-3) + -9)/(-2). Let n be (y - 2)*(1 - 0). Let u(v) = 3*v**2 - 3*v + 3. Calculate u(n).
9
Let i(x) = -5*x - 1. Let o be ((-2)/(-8))/((-3)/(-24)). Suppose -4*f + d - 4 = 0, -o*d = -d. Give i(f).
4
Let g(y) = -y + 6. Let t be (-46)/8 - 4/16. Let a = -2 - t. Suppose -4*s + 2*l = 3*l - 4, l = s + a. What is g(s)?
6
Let f(u) = -u**2 - 5*u + 5. Suppose 0 = -2*h - 3*h - 30. Calculate f(h).
-1
Let z(y) = -y**2 + 1. Suppose -2*x - 10 = 4*j, 2*j + j = 4*x + 9. Determine z(x).
-8
Let r(w) = -13*w - 16. Let p(f) = 4*f + 5. Let g(c) = 7*p(c) + 2*r(c). Let b = 7 + -12. Give g(b).
-7
Let p be (3 - 5)/((-2)/4). Let z(v) be the first derivative of 1/3*v**3 - 3*v - 1/2*v**2 + 1. Give z(p).
9
Let i(k) = 6*k + k - 2 - 5*k. Calculate i(-2).
-6
Suppose 0*s - 5*s = 2*a - 26, -s = -2*a - 10. Suppose 0 = -s*h + h + 5. Let g(k) = -6*k**2 - k + 1. Give g(h).
-6
Let l(m) = -12*m + 29*m - 1 - 19*m. Calculate l(3).
-7
Suppose -4 = -i - 20. Let q = i - -7. Let x be q/6*(-10)/3. Let s(b) = b - 1. Determine s(x).
4
Suppose -2*m = -2*i, -i - 5 = m + 1. Let q(u) = u**3 + 2*u**2 + 4. Give q(m).
-5
Let h = 2 - 11. Let f be (-2)/((-6)/h)*15. Let y be 3/(-12) - f/(-12). Let u(k) = -k + 3. Calculate u(y).
7
Suppose -3*x = -7*x. Let m(y) = 5*y**2 + 5*y - 4. Let c(w) be the first derivative of -4*w**3/3 - 2*w**2 + 3*w - 2. Let r(s) = 4*c(s) + 3*m(s). What is r(x)?
0
Let z(t) be the second derivative of 0*t**2 + 0 - 1/12*t**4 - 1/3*t**3 + 1/60*t**5 - 2*t. Let q(b) be the second derivative of z(b). What is q(-2)?
-6
Let c(y) = -4*y**3 + y**2 + y. Let d(o) = o**2 - 4*o - 2. Let x be d(5). Let i = 6 - 4. Suppose i*t = x*t + 1. Calculate c(t).
4
Let j(x) = -x + 23. Let u be j(19). Let f(y) = y**2 - y + 4. Determine f(u).
16
Let h(p) = p**2 + 6*p - 2. Suppose 4*n + v + 23 = 0, 2*n + 9 = 4*v - 7. Determine h(n).
-2
Let w(n) = -6*n**3 - 8*n**2 - 3*n - 5. Let y(i) = i**3 + i**2 + i + 1. Suppose -2 + 5 = 3*x. Let h(r) = x*w(r) + 5*y(r). What is h(-4)?
8
Let m(k) = -1 + 11*k + k**2 + 2 - 6*k + k**2. What is m(-4)?
13
Let n(x) = 2*x - 2*x + 4*x. Let c be -4 + (-4)/(-16)*12. Give n(c).
-4
Let d(n) = 3*n**2 + 13*n - 9. Let t(v) = 4*v**2 + 14*v - 10. Let z(j) = 5*d(j) - 4*t(j). Give z(8).
3
Let f be (-1 + 0 + -5)*1. Let k(u) = -14*u - 14. Let j(l) = -5*l - 5. Suppose 0*s = 5*s - 85. Let g(t) = f*k(t) + s*j(t). Determine g(-5).
4
Let p(u) = -2*u**2 + 5*u - 3. Let y = -28 - -15. Let o = y - -16. Give p(o).
-6
Let r(g) be the third derivative of g**5/60 + g**4/24 - 21*g**2. Give r(-3).
6
Let j(m) = -m. Let s be j(2). Let l(f) be the third derivative of f**6/120 + f**5/20 + f**4/24 - f**3/6 - f**2. Determine l(s).
1
Let z(s) = 13 + 2*s - 8 - 6 + 2*s**2 - 3*s**3. What is z(2)?
-13
Let j(b) = 2*b**2 + 14*b. Let x be j(-7). Let c(f) = f**3 - f**2 + f + 21. Give c(x).
21
Suppose -3 - 3 = -2*f. Let y(l) = -3*l**2 - 4 + 7 - 3*l + l**f + 4*l**2. Suppose b = 4*x - 10 - 0, 3*x = -b + 4. Give y(x).
9
Let t(l) = l - 1. Suppose -12*u + 11*u = -5. Calculate t(u).
4
Let n(t) be the third derivative of t**6/60 - t**5/20 + t**4/8 - t**3/2 + 6*t**2. Let j be ((-2)/3)/((-1)/3). What is n(j)?
7
Suppose -1 = 4*f - 9. Suppose f*t - 1 = 13. Let v(l) = -3 + 5*l + 3 + l**2 + t - l. Calculate v(-5).
12
Suppose -4*f + f = 0. Let s(q) = f - 1 + 2*q**3 - 6*q**3 + 2*q**3. Determine s(1).
-3
Let l(d) = 0 + 4 + 4*d - 5. Let g = 3 + 1. Let v be (-25)/(-10)*g/5. Determine l(v).
7
Let l(c) be the second derivative of -3*c + 0 + 2*c**2 + 5/6*c**3 - 1/12*c**4. Suppose -4*p + 20 = 2*x, 3*p + 11 = 5*x - 0*p. Determine l(x).
8
Let j(i) = 2*i**2 + 9*i + 14. Let g be j(-2). Let m(a) = a - 4. Give m(g).
0
Let t(a) = 78*a - 24*a - 24*a - 31*a. Calculate t(-5).
5
Let g(r) be the second derivative of 0*r**2 + 0 - 5*r + 1/6*r**3. Calculate g(4).
4
Let s = 102 + -94. Let m(p) = p**3 - 8*p**2 - p + 11. Determine m(s).
3
Let y(m) be the first derivative of -m**2/2 + 6*m + 1. Let v be y(3). Let n(z) = -z**3 + 3*z**2 - 5*z + 4. Give n(v).
-11
Let q(l) = 5*l - 5. Let z be q(-5). Let s = -23 - z. Let y(f) = -f + 3. Calculate y(s).
-4
Suppose 2*k = 5*d + 7*k + 10, -3*d - k = 10. Let u(t) = -1 + 0*t - 6 + 4 + t. What is u(d)?
-7
Let d(t) = 6*t**2 + 9*t. Let w(m